16 and 8432.
16
Calculate the greatest common factor of 291 and 84099.
291
What is the highest common divisor of 39 and 5681?
13
What is the greatest common divisor of 60 and 220?
20
What is the highest common divisor of 12505 and 2440?
305
Calculate the greatest common divisor of 14 and 46.
2
Calculate the highest common divisor of 30 and 96.
6
What is the highest common factor of 592 and 784?
16
Calculate the greatest common factor of 60 and 320.
20
What is the highest common factor of 2598 and 6?
6
What is the highest common factor of 666 and 18?
18
Calculate the greatest common divisor of 40 and 51820.
20
Calculate the greatest common factor of 7153 and 23.
23
What is the greatest common divisor of 182 and 28?
14
Calculate the greatest common divisor of 460 and 40.
20
What is the highest common divisor of 1247 and 172?
43
Calculate the greatest common divisor of 68 and 476.
68
What is the greatest common factor of 370 and 10?
10
What is the highest common factor of 4773 and 148?
37
What is the highest common divisor of 962 and 444?
74
Calculate the greatest common factor of 108 and 4896.
36
What is the highest common factor of 1785 and 945?
105
What is the highest common factor of 475 and 57?
19
What is the highest common divisor of 472 and 8?
8
What is the greatest common factor of 1177 and 22?
11
What is the greatest common factor of 1968 and 41?
41
Calculate the highest common divisor of 323 and 19.
19
Calculate the greatest common factor of 170 and 595.
85
Calculate the greatest common factor of 506 and 22.
22
What is the greatest common divisor of 798 and 1638?
42
Calculate the highest common divisor of 312 and 2106.
78
What is the greatest common factor of 2805 and 275?
55
What is the greatest common factor of 128 and 144?
16
What is the highest common divisor of 784 and 245?
49
Calculate the greatest common divisor of 54 and 3753.
27
Calculate the highest common divisor of 39 and 2847.
39
What is the greatest common divisor of 10630 and 10?
10
Calculate the greatest common factor of 16 and 136.
8
Calculate the greatest common divisor of 3084 and 6.
6
Calculate the greatest common divisor of 50 and 2150.
50
Calculate the highest common divisor of 598 and 3302.
26
Calculate the greatest common factor of 232 and 348.
116
What is the greatest common divisor of 21769 and 33?
11
What is the highest common divisor of 1918 and 168?
14
Calculate the greatest common factor of 160 and 3008.
32
What is the greatest common factor of 11 and 5?
1
Calculate the greatest common factor of 412 and 9682.
206
What is the greatest common divisor of 435 and 15?
15
What is the greatest common factor of 104 and 325?
13
What is the greatest common factor of 2208 and 1058?
46
What is the greatest common divisor of 295 and 65?
5
Calculate the highest common factor of 260 and 195.
65
What is the highest common factor of 11736 and 72?
72
Calculate the greatest common factor of 230 and 368.
46
What is the greatest common divisor of 48 and 2172?
12
Calculate the greatest common factor of 30 and 282.
6
What is the greatest common factor of 40528 and 272?
272
Calculate the highest common factor of 329 and 94.
47
What is the greatest common divisor of 4416 and 276?
276
What is the highest common divisor of 35 and 1295?
35
Calculate the highest common divisor of 1695 and 10509.
339
What is the greatest common divisor of 15 and 60?
15
Calculate the greatest common factor of 208 and 39.
13
Calculate the greatest common divisor of 13 and 104.
13
Calculate the highest common divisor of 402 and 67.
67
What is the greatest common factor of 2772 and 56?
28
What is the greatest common divisor of 140 and 630?
70
Calculate the highest common factor of 2272 and 426.
142
What is the highest common divisor of 46 and 46?
46
What is the highest common divisor of 144 and 84?
12
Calculate the highest common divisor of 708 and 12.
12
What is the greatest common factor of 124 and 4?
4
Calculate the highest common divisor of 44 and 143.
11
Calculate the highest common divisor of 14 and 749.
7
What is the greatest common divisor of 582 and 84?
6
Calculate the highest common divisor of 5 and 310.
5
What is the highest common divisor of 7 and 11032?
7
What is the greatest common factor of 40 and 65?
5
Calculate the greatest common factor of 1085 and 595.
35
Calculate the greatest common factor of 9 and 366.
3
What is the highest common divisor of 159 and 6?
3
Calculate the greatest common divisor of 16 and 4728.
8
Calculate the greatest common divisor of 3488 and 1417.
109
What is the highest common divisor of 2572 and 4?
4
What is the highest common factor of 192 and 528?
48
What is the highest common divisor of 721 and 56?
7
Calculate the greatest common factor of 17 and 493.
17
What is the greatest common factor of 1501 and 395?
79
What is the highest common divisor of 12 and 24?
12
Calculate the greatest common factor of 7 and 21.
7
What is the highest common factor of 5769 and 27?
9
Calculate the greatest common divisor of 5936 and 112.
112
What is the greatest common divisor of 55 and 143?
11
Calculate the highest common factor of 10 and 5.
5
What is the highest common factor of 66 and 176?
22
What is the greatest common divisor of 18 and 9?
9
Calculate the greatest common factor of 2318 and 1710.
38
Calculate the greatest common divisor of 2185 and 950.
95
What is the highest common divisor of 39 and 6552?
39
What is the greatest common factor of 3300 and 1584?
132
What is the greatest common divisor of 29 and 551?
29
What is the highest common factor of 687 and 6?
3
Calculate the highest common divisor of 392 and 49.
49
What is the highest common factor of 28 and 5362?
14
What is the highest common factor of 81725 and 175?
175
Calculate the greatest common factor of 175 and 1288.
7
Calculate the greatest common factor of 90 and 198.
18
Calculate the greatest common factor of 23518 and 44.
22
Calculate the greatest common divisor of 24 and 32.
8
What is the highest common divisor of 85 and 5?
5
Calculate the greatest common factor of 10 and 31630.
10
Calculate the greatest common factor of 90 and 306.
18
What is the greatest common factor of 464 and 2668?
116
What is the greatest common divisor of 473 and 209?
11
What is the greatest common factor of 2 and 37?
1
What is the greatest common divisor of 50 and 30?
10
Calculate the highest common factor of 575 and 1334.
23
Calculate the highest common divisor of 129 and 3354.
129
Calculate the greatest common divisor of 19 and 3629.
19
What is the highest common divisor of 182 and 3710?
14
Calculate the highest common divisor of 92 and 575.
23
Calculate the greatest common factor of 4140 and 72.
36
What is the highest common divisor of 186 and 24?
6
What is the highest common divisor of 13 and 2353?
13
Calculate the greatest common factor of 8428 and 129.
43
What is the greatest common factor of 56414 and 134?
134
Calculate the highest common factor of 10 and 460.
10
What is the greatest common factor of 25 and 155?
5
What is the greatest common factor of 15 and 145?
5
Calculate the greatest common factor of 26622 and 348.
174
Calculate the highest common factor of 21 and 105.
21
Calculate the greatest common divisor of 12926 and 92.
46
What is the highest common factor of 1295 and 35?
35
Calculate the highest common factor of 496 and 64.
16
What is the greatest common factor of 80 and 55?
5
What is the greatest common divisor of 17 and 13311?
17
Calculate the greatest common divisor of 60 and 5380.
20
What is the greatest common factor of 3657 and 795?
159
What is the highest common factor of 96 and 80?
16
Calculate the greatest common factor of 15 and 1035.
15
What is the greatest common divisor of 5154 and 3?
3
Calculate the greatest common factor of 231 and 2037.
21
Calculate the greatest common factor of 9860 and 406.
58
Calculate the highest common divisor of 36 and 16.
4
What is the greatest common divisor of 298 and 11771?
149
What is the greatest common divisor of 69267 and 22?
11
What is the greatest common factor of 1144 and 104?
104
Calculate the greatest common divisor of 244 and 2806.
122
Calculate the highest common factor of 468 and 104.
52
What is the highest common divisor of 30 and 40?
10
Calculate the greatest co